m(k).
4
Let d(c) be the second derivative of -c**5/120 - c**4/24 - 7*c**3/2 - 22*c. Let q(s) be the second derivative of d(s). Let w = 9 + -4. Calculate q(w).
-6
Let o(x) be the third derivative of -x**5/60 + x**4/8 + x**3/2 - 2*x**2. Suppose -10*t = -8*t + 5*y + 10, 5*t - 33 = 2*y. What is o(t)?
-7
Let a(y) be the first derivative of y**3/3 + 3*y**2 + 3*y + 2. Suppose -3*n = -4*q + 16, -5*q + 7 = -n - 2*q. Give a(n).
-5
Suppose -5 = z + 5*i, 0 = 5*z - 10*z - 5*i - 5. Let q(r) be the third derivative of -1/60*r**5 - 5*r**2 + 1/6*r**4 + 0*r**3 + 0*r + z. Calculate q(2).
4
Let b(y) = 1. Let a(m) = m + 5. Let p(u) = a(u) - 3*b(u). Calculate p(7).
9
Let r(b) = -3*b**3 + 4*b**2 + 4*b - 9. Let x(q) be the third derivative of -q**6/120 - q**3/6 - 9*q**2. Let w(n) = r(n) - 2*x(n). Calculate w(5).
-12
Let n(v) = 962*v - 2 - 1934*v + 964*v. Give n(4).
-34
Let a(b) = 2*b + 8. Let v = 517 - 528. Determine a(v).
-14
Let b(k) = -k**2 + 36. Suppose -9*a + 23*a - 8*a = 0. What is b(a)?
36
Let m(k) = -k**2 - k - 3. Let d be (6 - (3 - 2)) + -9. What is m(d)?
-15
Let w(s) be the third derivative of s**5/15 + s**4/24 + s**3/6 + s**2. Let j = -5553 + 5555. Determine w(j).
19
Let y be -8 + -4 + (8 - 2). Let d(f) = -f**3 - 4*f**2 + 4*f - 1. Determine d(y).
47
Suppose -5*m - 10 = 0, 0 = -4*f + 4*m + 24 + 8. Let q(p) = 8 - 6*p - p + f*p. Determine q(6).
2
Let g(c) be the first derivative of c**3/3 - 5*c + 1. Let p(z) = -36*z**2 + z. Let v be p(-1). Let w = v + 33. Determine g(w).
11
Let q = 61/6 + -10. Let j(l) be the second derivative of -l + q*l**3 - l**2 + 0. Calculate j(4).
2
Suppose -133 + 121 = -4*m. Suppose 2*j - y = 6, -m = -3*j + 3*y - 0. Let r(f) = -f**3 + 4*f**2 + 5*f - 4. Calculate r(j).
-4
Let r(y) = -13*y**2 - 32*y + 15. Let i(x) = 3*x**2 + 8*x - 4. Let u(t) = 9*i(t) + 2*r(t). Let f be 5*(112/(-10))/8. What is u(f)?
-13
Suppose -3*n - 31 = -4*d, 2*d = 3*n - 0 + 11. Let f(u) = 1 - d*u**2 - u**3 + 4 + 4*u + 15*u**2. Calculate f(6).
-7
Let o(k) = k**2 - 15*k - 17. Let i be o(16). Let y = i - -8. Let w(d) = 6 + 2 - 3*d**2 - y - 3*d - 2. What is w(-3)?
-19
Let f(p) = 283*p - 569*p + 285*p + 1. Let i(x) be the second derivative of -x**5/20 - x**4/2 - 5*x**3/3 + 5*x**2 + x. Let n(m) = 4*f(m) - i(m). Determine n(-5).
-11
Suppose -26*o = -52*o - 156. Let u(z) = z**2 + 5*z + 6. Determine u(o).
12
Let w(j) be the first derivative of -j**2/2 + 4*j - 3. Determine w(3).
1
Let m(z) = 76*z - 77*z - 1 - 31*z**2 - z**2. Determine m(-1).
-32
Let s(n) be the third derivative of -n**5/120 - n**4/4 + n**3 + 4*n**2. Let w(y) be the first derivative of s(y). Give w(5).
-11
Let k(y) = -y**3 - 6*y**2 - 6. Let c(s) = 3*s - 76. Let i be c(22). Let a = -16 - i. Give k(a).
-6
Let k(g) = -2 + 0 + 3 - g + 4. What is k(6)?
-1
Suppose -s - 2*i = 0, -4*s - 36 = -0*s - i. Let v(o) = 4*o**2 + 32*o + 1. What is v(s)?
1
Let z(n) = n**3 + 7*n**2 + 18*n - 5. Let l(o) = 2*o**3 + 13*o**2 + 37*o - 11. Let i(s) = -6*l(s) + 13*z(s). Let x be i(-12). Let u(b) = 5*b + 1. Give u(x).
6
Let f(i) = i**2 - 6*i + 3. Let k be (-40)/(-22) + 5*8/220. What is f(k)?
-5
Let c(j) = -5. Let v(i) = 2*i - 16. Let t(f) = 8*c(f) - 3*v(f). Give t(2).
-4
Let c be -1 + -2 + 12/10*-5. Let z(w) = 4*w + 22. Calculate z(c).
-14
Let p(j) be the first derivative of -j**6/120 + j**5/120 + j**4/24 + 8*j**3/3 - 9. Let y(f) be the third derivative of p(f). Let v = 2 + 0. Calculate y(v).
-9
Let g(w) be the first derivative of 2*w**3/3 + 4*w**2 - 6*w + 36. Give g(-5).
4
Let q(i) = i**2 - 4*i + 5. Let g be q(3). Let u(a) = -a - 8*a**2 + g*a - 3*a + 3*a. Give u(1).
-7
Let h(l) = 2 + 3*l - 4 + 12 - 3 - l**3 - 3*l**2. Calculate h(-5).
42
Let u(a) = a**3 - 6*a**2 + a - 7. Let z = -308 - -314. Give u(z).
-1
Let r(h) be the first derivative of -h**3/3 + 3*h**2 - 6*h - 100. Determine r(6).
-6
Suppose -1 = 4*c + s, 4*s = -3*c - 9 - 8. Let l(q) = -2*q + 6*q + 10*q**3 - 5*q - 9 + 10. What is l(c)?
10
Let k(b) be the third derivative of b**4/3 + b**3/2 + b**2. Let u(i) = i**2 + 3*i. Let f be u(-2). Calculate k(f).
-13
Let w = 7 - 29. Let q be 2/13 + w/(-26). Let b(f) = -f**2 - 4*f + 4. Let g(x) = -x**2 + x - 1. Let j(c) = b(c) + 5*g(c). What is j(q)?
-6
Let n(d) be the third derivative of -d**6/120 - d**5/60 + d**4/8 - d**3/3 - 24*d**2. Calculate n(-3).
7
Let x be (-9)/(-6)*16/12. Let t(p) = 2010*p**x - 2010*p**2 - 1 + 16*p**3 + p. Determine t(1).
16
Let w be (240/36 - 8)*(-3)/(-2). Let d(y) = 9*y**2 + 1. Calculate d(w).
37
Let t be (-2)/(-4) - -3*5/30. Let v(o) = -1 + t - 7*o + 4*o + 2 - o**2. Calculate v(-4).
-2
Let k(z) = -2356*z**2 + 13*z - 1 + 2355*z**2 - 2 - 7. Give k(10).
20
Let t(l) = -l**3 - 6*l**2 - 11*l - 6. Let r be t(-4). Let k be (-3)/(-2)*(-8)/r. Let n be (-1 - -2)*(k + 7). Let v(x) = 3*x - 7. Determine v(n).
8
Let y(k) = -k**2 - k - 1. Let w(a) = -3*a**2 + 4*a - 1. Let c(p) = w(p) - 4*y(p). Let i(x) = -x**2 + 35*x + 192. Let h be i(-5). Give c(h).
3
Let k(o) = -2*o - 9. Let d be 375/225 - (-22)/3. Determine k(d).
-27
Let i(q) be the third derivative of 0 - 13/6*q**3 + 0*q + 12*q**2 - 1/24*q**4. What is i(-8)?
-5
Let h(d) be the third derivative of -7/24*d**4 + 7/60*d**5 + 1/6*d**3 + 0 - 4*d**2 - 1/120*d**6 + 0*d. Let y(q) = -6*q. Let n be y(-1). Determine h(n).
-5
Let g(i) = 13*i - 1. Let w(p) = 3*p**2 + p - 4. Let u be w(-4). Let m = -41 + u. Calculate g(m).
-14
Suppose 25*f = 22*f + c - 23, -11 = 3*f - 4*c. Let p(l) = 2*l + 9. What is p(f)?
-9
Let x(q) = -3*q - 5 - 1 + 5*q**2 + q**3 + 2. Let l(d) = 38*d - 2. Let h be l(-1). Let o be (1/2)/(4/h). Determine x(o).
11
Let h(d) = 2*d - 9*d + 5*d + 0*d + 2 + 3. Determine h(-6).
17
Let i(p) = -37*p**2 - 26*p + 16. Let g(v) = 13*v**2 + 9*v - 6. Let c(w) = -17*g(w) - 6*i(w). What is c(-5)?
16
Let o(p) = -p**3 - 6*p**2 - p. Let f be o(-6). Let g(y) be the third derivative of -1/8*y**4 + 1/6*y**3 + 0 + 15*y**2 + 0*y. Calculate g(f).
-17
Let w(s) = s + 5. Let l(y) = y + 4. Let f(t) = 5*l(t) - 4*w(t). Let k be f(0). Suppose -5*b - 21 = -0*z - 2*z, k = -4*z - b - 13. Let v(c) = 3*c - 2. Give v(z).
-8
Let r(h) = h**3 - 5*h**2 + 3*h - 3. Suppose -35 = -5*m - 20. Determine r(m).
-12
Let k be 58/8 - ((-33)/12 + 3). Suppose 3*a - 40 = -7. Let p(v) = -1 + 4 + 10*v**2 + 6*v - a*v**2. Determine p(k).
-4
Let i(v) = -v**3 - 7*v**2 - 6*v + 1. Suppose -2*w + 3*a = -5, -34 = w + 2*a - 19. Determine i(w).
-19
Suppose -4*s = -21 + 9. Let v(b) = -b**3 + b**2 + 2. Calculate v(s).
-16
Let j(u) = -3*u**3 - 2*u**2 - u. Let l = -1 + 16. Let v = 17 - l. Suppose 3*c - 7 = -v*k - 2, -4*c - 3*k = -8. What is j(c)?
2
Let g(v) = -31*v**2 + 1424*v + 101. Let q be g(46). Let u(x) be the second derivative of x**4/12 - 11*x**3/6 + 4*x**2 - x. Give u(q).
-10
Let i(j) = 5*j - 74. Let d be 74/1554 - 628/(-42). Determine i(d).
1
Suppose 5*r + 32 = -108*q + 107*q, -r = 3*q - 2. Suppose 20 = 2*b - 3*n - n, 0 = -3*b + 3*n + 21. Let w(f) = b*f - 2*f - 1 - 1. Calculate w(q).
4
Let q(i) = -74*i**2 + 4*i - 77*i**2 + 150*i**2. Suppose -2*z + 10 = 3*z. Suppose p = -2, 0 = n + 4*p + z + 3. What is q(n)?
3
Let n(w) = 14*w - 70. Let b(g) = 5*g - 24. Let t(i) = 11*b(i) - 4*n(i). Calculate t(0).
16
Suppose 3*q - 58 = -2*i - q, 0 = 3*i + 4*q - 77. Let b(z) = -i + 35 - 18 + z - 2*z. Determine b(-9).
7
Let a = -33 + 72. Suppose 0 = -3*p + 30 - a. Let l(b) = 3*b + 3. Determine l(p).
-6
Let v(u) = -u**2 + 3*u - 5. Let i(q) be the first derivative of 2*q**3/3 - 2*q**2 + 6*q + 1. Let g(z) = -2*i(z) - 3*v(z). Calculate g(-4).
-9
Let d be (-5 + 3)/(6/(-9)). Let h(q) = 3 - 2*q**2 + 2*q**3 + d*q**3 - 6*q**3 + q + 3*q**2. Calculate h(0).
3
Let b(p) = -p - 5. Let r be b(-5). Let t = 119 + -90. Suppose r = -t*f + 27*f. Let n(w) = w + 5. Give n(f).
5
Suppose -37*v = -13*v + 216. Let b(l) = l**2 + 6*l - 13. Determine b(v).
14
Let v(q) be the first derivative of -5*q**2/2 - q - 1. Suppose -8*k + 5 = -3*k. Suppose 6 = 7*c - k. What is v(c)?
-6
Let n(m) = 101*m**3 - 8*m**2 - 7*m + 7. Let z(x) = -121*x**3 + 9*x**2 + 8*x - 8. Let i(r) = -6*n(r) - 5*z(r). Suppose -4*y + 6 = -6. Determine i(y).
4
Let l(c) = -2*c + 2. Let o(x) = -9*x + 10. Let k(z) = 5*l(z) - o(z). What is k(6)?
-6
Let m(l) be the second derivative of l**4/12 - l**3/2 + l**2/2 - 56*l. Give m(5).
11
Let k(j) be the first derivative of -j**3/3 + 9*j**2/2 - 6*j - 30. Determine k(6).
12
Let r(p)